e -3*o + 4*g - 74 = 0, -g + 2*g - 77 = 4*o. Let z be (-4)/(-10) - o/5. Let p(x) = -x + 3*x + x - 2*x. Give p(z).
4
Suppose 2*k + 4*z = 16, -k - 11 = k - 5*z. Let m = -4 - -6. Let f(h) = 0*h**2 + h**2 - 2*h**2 + m. Determine f(k).
-2
Let s(q) = 5*q**2 + 4*q. Let y(z) = -3*z**2 - z. Let a be y(1). Let d(x) = 11*x**2 + 8*x + 1. Let m(g) = a*d(g) + 9*s(g). Let n = 12 - 17. Determine m(n).
1
Let q(y) = y**2 + 2*y + 7. Let j be q(-5). Suppose 12 = -4*p - 4*m, -j = 5*p + 2*m - 7. Let u(x) = x - 2 - x**3 + 1 - 2*x**2 - 1. Give u(p).
4
Let o(b) be the second derivative of b**7/840 - b**6/120 + b**5/40 - b**4/24 - 5*b**3/6 - 6*b. Let g(w) be the second derivative of o(w). Give g(2).
1
Let w(n) = -2*n**3 - 7*n**2 - 5*n + 8. Let y(g) = 3*g**3 + 10*g**2 + 7*g - 12. Let h(k) = -7*w(k) - 5*y(k). Calculate h(0).
4
Let z(t) be the first derivative of -t**4 - t**3/3 + t - 13. Calculate z(1).
-4
Let c(k) be the third derivative of -k**5/60 + k**4/4 - 5*k**3/6 - k**2. Suppose 5*a + 8 = 9*a. Suppose a*u = 9 - 1. What is c(u)?
3
Let f(y) = y**2 + 3*y - 5. Suppose -4*n = -3*n + 3*w, 2*n = 4*w + 50. Suppose -n = 2*v - 5. Calculate f(v).
5
Let n(q) = -q**2 + 12*q - 21. Let g be n(9). Let t(m) = m**3 - 7*m**2 + 6*m - 3. Give t(g).
-3
Suppose 5*u - 3*y + 83 = 30, -u + y - 11 = 0. Let l be u + -4 + (1 - -7). Let m(p) = -p**3 - 7*p**2 - 6*p - 1. Determine m(l).
-1
Suppose -2*h + 5*k - 4 = 1, -5*h - 3*k = -34. Let y(l) = -5*l**2 - 9*l - 7. Let a(n) = -11*n**2 - 19*n - 15. Let x(j) = 6*a(j) - 13*y(j). Calculate x(h).
-9
Let j(y) = 0*y + 2*y - 14*y**2 - 3*y + 11*y**2. What is j(-1)?
-2
Let j(p) = p + 3. Let t(h) = -h - 1. Let f(i) = -4*i + 3. Let m(q) = -f(q) + 3*t(q). Let y be m(4). Calculate j(y).
1
Suppose -7 = -10*r + 13. Let o(p) = 3*p**2 - 3*p + 6. Let w(a) = -5*a**2 + 4*a - 9. Let h(c) = 8*o(c) + 5*w(c). Give h(r).
-9
Suppose -5*o + 4*o - 5*n - 11 = 0, 0 = 4*n. Let s(t) = 7 - t - t**3 - 21 + 0*t - 11*t**2. Let g be s(o). Let r(v) = 2*v + 1. Determine r(g).
-5
Let c(b) be the third derivative of -b**6/120 + b**5/12 + b**4/4 + 5*b**3/6 + 26*b**2. Give c(6).
5
Let s(f) = f - 5. Let j be -26*-1*(-2)/(-4). Let w = j + -9. Suppose h + w = 9. Give s(h).
0
Let h(f) = -2 + 5*f - 3*f + f. Suppose 4*b = -2*a - 2, 0 = 4*a - 3*b + 7*b + 8. Let u = a + 5. Give h(u).
4
Let l = -10 + 6. Let q = l + 7. Let x(s) = -q*s**2 + 0 + 3*s - 6*s - 2. Calculate x(-2).
-8
Suppose -6 = -z - z. Let y be 34/10 + 6/(-15). Let c(v) = -y*v - 3*v**2 + v**3 + 2 + 5 - 3. Determine c(z).
-5
Let q(r) = r**2 + 10*r - 4. Let z be -11 + (-4)/(-4) + -1. What is q(z)?
7
Suppose 25*o = 23*o + 10. Let i(r) be the second derivative of -r**3/6 - 2*r. Determine i(o).
-5
Let k be (5/(5/2))/(-1). Let l(q) = q**2 - q - 1. Let a be l(k). Let h(r) = -5*r + r**2 - 2 - 2 - 3. What is h(a)?
-7
Let r(v) = 2*v - 4. Let q(i) = 5*i - 11. Let t(s) = -3*q(s) + 8*r(s). What is t(7)?
8
Let t be (3/5)/(6/30). Let p(i) be the third derivative of 0 - 1/8*i**4 + 0*i + 1/30*i**5 + i**2 + 0*i**3. What is p(t)?
9
Let w = -1 - -3. Let s(o) be the third derivative of -o**5/60 + o**3/6 + 11*o**2. Determine s(w).
-3
Let o(z) = z**2 - 5*z - 5 + 0*z**2 + 3*z + 4*z. What is o(-4)?
3
Let b(o) = 17*o**2 + o - 29*o**2 + 11*o**2 - 3. Determine b(4).
-15
Let i(t) = -t - 4. Let x(a) = a + 2. Let k be x(-5). Determine i(k).
-1
Let h(i) be the second derivative of 0 - i - 1/6*i**3 - 3/2*i**2. Suppose 2*o - 5 = 3*o. Give h(o).
2
Suppose 3*z - 8*z + 25 = -3*l, 3*z = 15. Let q be ((-1)/3)/((-2)/12). Let r(h) = -4*h**2 - h**3 + q + h + 2*h**2 + 3*h**2. Give r(l).
2
Let o(q) be the third derivative of 1/60*q**5 + 0 - 2*q**2 + 1/120*q**6 + 0*q - 5/6*q**3 + 0*q**4. Give o(0).
-5
Let p(k) = -k**3 + k**2 + 2. Let r(w) = 2*w**2 - 5*w**2 + 6*w + 2*w**2. Suppose 16 = -5*n + 46. Let d be r(n). Determine p(d).
2
Suppose 20 = 5*i, -3*i = -4*c - c - 2. Let v(t) = 6*t + 0*t - 7*t + 1. Give v(c).
-1
Let i(l) = 13 - 3 + 0 + 2*l - 4*l. Give i(7).
-4
Let h(k) = 55*k - 27*k - 24*k. Give h(2).
8
Suppose 0*h = -3*h + 3*g + 21, 4*g - 44 = -5*h. Suppose 0 = -l + 5*w + h, -5*l + w - 4 = 4. Let u(f) = 6 + 2 - 3*f - 8. Give u(l).
6
Let r(l) be the third derivative of l**4/12 - 2*l**3/3 - 3*l**2. Let n(m) = -1 + m**2 + 0*m + 3*m - 5. Let h be n(-5). Give r(h).
4
Let j(z) be the third derivative of z**6/120 + z**5/30 + z**3/6 - z**2. Suppose 0 = -p - 2, -8*p = 4*i - 4*p + 16. What is j(i)?
1
Let l(u) = u + 6. Let f(m) = -2*m**2 - 7*m. Let p be ((-18)/15)/(6/20). Let a be f(p). Determine l(a).
2
Let f(k) be the first derivative of 1/4*k**4 - 6*k - 5/3*k**3 + 2*k**2 + 1. What is f(4)?
-6
Let h(n) = n**2 + n - 4. Let x(f) = 6 - 7 + 12*f**3 + f**2 - 2*f + 2*f. Let b be x(-1). Let l be (-5)/10*b/2. What is h(l)?
8
Let t(z) = z + 3. Let c be t(-2). Let j = 0 + c. Suppose j = -3*l - 5. Let q(w) = -4*w - 1. Calculate q(l).
7
Let h(l) be the second derivative of l**3/2 + 2*l**2 + 4*l. Let j(k) = k**2 + 6*k + 1. Let s be j(-6). Let n be ((-6)/10)/(s/5). Calculate h(n).
-5
Let c(a) = a**2 - a - 1. Let d(n) = 3*n**2 - 8*n - 2. Let x(f) = -2*c(f) + d(f). What is x(5)?
-5
Let v(x) be the first derivative of -2*x**3 - x**2 - x - 14. What is v(-2)?
-21
Let m(f) = -4*f**2 + 2*f + 1. Let g be m(-1). Let o = g + 7. Let n = -3 + o. Let i(p) = -3*p**2 - p. Calculate i(n).
-2
Let n(u) = -2*u**2 - 7*u - 6. Let a be n(-3). Let q(y) = 8*y - 5. Let h(g) = -33*g + 21. Let d(r) = 5*h(r) + 21*q(r). What is d(a)?
-9
Let k(f) be the first derivative of 5*f**3/6 + 3*f - 4. Let v(x) be the first derivative of k(x). Determine v(-3).
-15
Let p(v) = 2*v**2 + 23*v + 3*v**2 - v**2 - 33*v + 3. Let o(k) = -3*k**2 + 9*k - 2. Let i(n) = -5*o(n) - 4*p(n). Give i(-4).
2
Let i(t) = -5*t**2 + 31*t + 25*t - 12*t**2 - 55*t. Give i(1).
-16
Let h(d) = 0*d - 3*d + 7 - d**2 + 6*d - 2*d. Let z be 4/(-10) - 4/(-10). Determine h(z).
7
Let g(r) = 10*r**2 - r + 1. Suppose 0 = -c - 2*f - 3, 4*c - 16 = 4*f - 4. Determine g(c).
10
Let x(a) be the third derivative of a**7/2520 - a**6/360 + a**5/10 - 8*a**2. Let c(p) be the third derivative of x(p). What is c(6)?
10
Let i(z) be the second derivative of z**3/6 + 3*z**2/2 + z. Let o(t) = 2 - t**2 + t + 2*t**2 + 2*t**3 + 2 - 5. Let f be o(1). Give i(f).
6
Suppose 6*m - 3*m - 22 = -2*v, -3*v + 12 = m. Let j(q) = -q**3 + 5*q**2 + 5*q + 12. Determine j(m).
6
Suppose 0 = -15*u - 80 + 20. Let z(d) = 3*d + 6. Calculate z(u).
-6
Suppose -2*d = d. Suppose d = -2*a - 2*a. Let h(w) = 5 + 2*w + a*w - w**2 - 3*w. Determine h(0).
5
Let j(y) = 3*y. Suppose -f + 2 = -1. Let b = -9 - -11. Suppose -5*k = -5*i + 5, 24 = -b*i - f*k + 6. Give j(i).
-9
Let n(t) be the third derivative of t**4/8 - t**3/3 - 7*t**2. Let y be 2/((2 + 0)/2). Let w be n(y). Let o(v) = v**2 - 3*v. Give o(w).
4
Let c(r) = -r**2 + 3*r + 1. Suppose -4*h = 5*p + 29, 2*h - 4*h = 5*p + 17. Let y be 2/h*(1 + -13). Calculate c(y).
-3
Let n(j) = -5*j**3 + 3 - 4 + 6*j**3 - 7*j**2 + 5*j. What is n(6)?
-7
Let z = -78 + 81. Let s(l) = -2*l - 4. Calculate s(z).
-10
Let f(j) = 0*j + j + 3*j + 0*j + 1. Calculate f(-1).
-3
Let o(d) = d + 2. Let v be (0 - 0) + (-3 - -5). Let j be o(v). Let b(a) = 2 + 3*a - 3*a - 2*a. Calculate b(j).
-6
Let g(j) = -j**3 + j**2 + j - 1. Let a(v) = -5*v**3 + 9*v**2 + 5*v - 6. Let k(o) = a(o) - 6*g(o). Determine k(-3).
3
Suppose k - 39 = -44. Let f(l) = -l + 4. Calculate f(k).
9
Suppose -12 = b + 3*i - 0*i, -b - 4*i = 16. Let c(p) be the first derivative of -p**3/3 - 3*p - 2. Give c(b).
-3
Let x(v) = v**3 - 7*v**2 + 6*v + 4. Let g be x(6). Suppose 6 = -t + 2*z, -5*t + 3*z - g*z = 8. Let q(l) = 2*l**2 + 2. Calculate q(t).
10
Let y(f) be the second derivative of -1/3*f**3 + 0 + 5*f - 3*f**2 - 1/3*f**4 + 1/20*f**5. Calculate y(5).
9
Suppose 0 = 2*d + 5*c + 13, 0 = -0*d - 3*d + 5*c + 18. Suppose -13 = -f + 3*x, 2*f + d = -f - x. Let b(q) = 4*q**2 - 1. What is b(f)?
3
Suppose 0*l + 4*l - 3*g - 30 = 0, -4*l + 2*g + 28 = 0. Let h(c) = 0*c - c - 2*c - 4 + c**3 - 3*c**2 - 2*c**2. Determine h(l).
14
Let y(u) = -3*u**2 - 4*u - 2. Let j = -7 - -7. Suppose j = d - 0*d + 2. What is y(d)?
-6
Let u(q) be the first derivative of q**3/3 + q**2/2 + q + 10. Let y(s) = -2*s**2 - s - 3. Let o(a) = -7*u(a) - 3*y(a). Determine o(-5).
-3
Let t(k) = k**3 + 9*k**2 + 8*k - 5. Let z = -37 + 29. What is t(z)?
-5
Suppose h = -4*h + 20. Let z(d) = -3*d**2 